{"id":5745,"date":"2026-02-04T21:56:39","date_gmt":"2026-02-04T20:56:39","guid":{"rendered":"https:\/\/latelier-mouche.fr\/?post_type=product&#038;p=5745"},"modified":"2026-02-04T22:15:56","modified_gmt":"2026-02-04T21:15:56","slug":"kult","status":"publish","type":"product","link":"https:\/\/latelier-mouche.fr\/?product=kult","title":{"rendered":"KULT"},"content":{"rendered":"","protected":false},"excerpt":{"rendered":"<div id=\"text_content\" class=\"content my-3\">\n<p>Quand sobri\u00e9t\u00e9 rime avec classe et technologie\u00a0! La gamme Kult a \u00e9t\u00e9 d\u00e9velopp\u00e9e \u00e0 partir d\u2019un blank 40T Toray CA 1100G avec l\u2019optique de couvrir toutes les approches de p\u00eache \u00e0 la mouche modernes. La \u00ab\u00a0Fresh Water S\u00e9ries\u00a0\u00bb s\u2019oriente vers la p\u00eache \u00e0 la mouche en rivi\u00e8re. Elle se distingue par son blank en carbone brut non ponc\u00e9 et ses ligatures brunes avec finitions cuivre. Ces 11 cannes balayent les techniques de p\u00eache en s\u00e8che, en nymphe \u00e0 vue, en s\u00e8che\/nymphe et en nymphe au fil. On y retrouve m\u00eame un mod\u00e8le sp\u00e9cial TLT.<\/p>\n<\/div>\n<div id=\"text_presentation\" class=\"content my-3\">\n<p>Action Medium fast<br \/>\n\u2022 Blank 40T Toray CA 1100G<br \/>\n\u2022 blank carbone brut non ponc\u00e9<br \/>\n\u2022 anneau de d\u00e9part SIC + anneaux monopates PAC BAY<br \/>\n\u2022 Poign\u00e9e li\u00e8ge AAA<br \/>\n\u2022 Porte moulinet 100% Aluminium<br \/>\n\u2022 Gamme Fresh Water Series<br \/>\n\u2022 Etui Cordura compartiment\u00e9.<\/p>\n<\/div>\n","protected":false},"featured_media":5754,"comment_status":"closed","ping_status":"closed","template":"","meta":{"_monsterinsights_skip_tracking":false,"_monsterinsights_sitenote_active":false,"_monsterinsights_sitenote_note":"","_monsterinsights_sitenote_category":0,"site-sidebar-layout":"default","site-content-layout":"content-boxed-container","ast-global-header-display":"","ast-banner-title-visibility":"","ast-main-header-display":"","ast-hfb-above-header-display":"","ast-hfb-below-header-display":"","ast-hfb-mobile-header-display":"","site-post-title":"","ast-breadcrumbs-content":"","ast-featured-img":"","footer-sml-layout":"","theme-transparent-header-meta":"default","adv-header-id-meta":"","stick-header-meta":"","header-above-stick-meta":"","header-main-stick-meta":"","header-below-stick-meta":""},"product_cat":[60],"product_tag":[],"aioseo_notices":[],"_links":{"self":[{"href":"https:\/\/latelier-mouche.fr\/index.php?rest_route=\/wp\/v2\/product\/5745"}],"collection":[{"href":"https:\/\/latelier-mouche.fr\/index.php?rest_route=\/wp\/v2\/product"}],"about":[{"href":"https:\/\/latelier-mouche.fr\/index.php?rest_route=\/wp\/v2\/types\/product"}],"replies":[{"embeddable":true,"href":"https:\/\/latelier-mouche.fr\/index.php?rest_route=%2Fwp%2Fv2%2Fcomments&post=5745"}],"version-history":[{"count":1,"href":"https:\/\/latelier-mouche.fr\/index.php?rest_route=\/wp\/v2\/product\/5745\/revisions"}],"predecessor-version":[{"id":5758,"href":"https:\/\/latelier-mouche.fr\/index.php?rest_route=\/wp\/v2\/product\/5745\/revisions\/5758"}],"wp:featuredmedia":[{"embeddable":true,"href":"https:\/\/latelier-mouche.fr\/index.php?rest_route=\/wp\/v2\/media\/5754"}],"wp:attachment":[{"href":"https:\/\/latelier-mouche.fr\/index.php?rest_route=%2Fwp%2Fv2%2Fmedia&parent=5745"}],"wp:term":[{"taxonomy":"product_cat","embeddable":true,"href":"https:\/\/latelier-mouche.fr\/index.php?rest_route=%2Fwp%2Fv2%2Fproduct_cat&post=5745"},{"taxonomy":"product_tag","embeddable":true,"href":"https:\/\/latelier-mouche.fr\/index.php?rest_route=%2Fwp%2Fv2%2Fproduct_tag&post=5745"}],"curies":[{"name":"wp","href":"https:\/\/api.w.org\/{rel}","templated":true}]}}