{"id":5711,"date":"2026-02-03T18:47:26","date_gmt":"2026-02-03T17:47:26","guid":{"rendered":"https:\/\/latelier-mouche.fr\/?post_type=product&#038;p=5711"},"modified":"2026-02-03T18:49:22","modified_gmt":"2026-02-03T17:49:22","slug":"shooting-bask-baroude","status":"publish","type":"product","link":"https:\/\/latelier-mouche.fr\/?product=shooting-bask-baroude","title":{"rendered":"SHOOTING BASK BAROUDE"},"content":{"rendered":"<p>&nbsp;<\/p>\n<div class=\"row bg-gris_light mb-5\"><\/div>\n<div class=\"row bg-gris_light mb-5\"><\/div>\n","protected":false},"excerpt":{"rendered":"<p data-start=\"3420\" data-end=\"3754\">Le<strong>\u00a0Shooting Bask Baroude<\/strong>\u00a0est un panier de lancer\u00a0<strong>innovant, indispensable<\/strong>\u00a0pour les p\u00eacheurs \u00e0 la mouche souhaitant se d\u00e9placer sans rembobiner la soie et augmenter significativement la distance de leurs lancers. Sa structure ajour\u00e9e et ses picots en silicone int\u00e9gr\u00e9s assurent une parfaite ma\u00eetrise de la ligne en toutes circonstances.<\/p>\n<div class=\"separator transparent center \"><\/div>\n<p data-start=\"3849\" data-end=\"3869\">Atouts &amp; avantages :<\/p>\n<div class=\"separator transparent center \"><\/div>\n<p data-start=\"3871\" data-end=\"4118\"><strong>\u2013 Panier de lancer innovant et robuste<\/strong><br data-start=\"3909\" data-end=\"3912\" \/><strong>\u2013 Permet de se d\u00e9placer sans rembobiner la soie<\/strong><br data-start=\"3959\" data-end=\"3962\" \/><strong>\u2013 Picots en silicone maintenant la soie sans bouclage<\/strong><br data-start=\"4015\" data-end=\"4018\" \/><strong>\u2013 Surface ajour\u00e9e l\u00e9g\u00e8re, respirante et performante<\/strong><br data-start=\"4069\" data-end=\"4072\" \/><strong>\u2013 Gain important en distance et en pr\u00e9cision<\/strong><\/p>\n<div class=\"separator transparent center \"><\/div>\n<p data-start=\"4213\" data-end=\"4234\">Prix public :\u00a0<strong>69,90 \u20ac<\/strong><\/p>\n<div class=\"separator transparent center \"><\/div>\n<p data-start=\"4361\" data-end=\"4813\">Le\u00a0<strong>Shooting Bask Baroude<\/strong>\u00a0a \u00e9t\u00e9 con\u00e7u pour r\u00e9pondre aux besoins des p\u00eacheurs modernes qui recherchent\u00a0<strong>efficacit\u00e9, mobilit\u00e9 et performance<\/strong>\u00a0dans la gestion de leur soie. Gr\u00e2ce \u00e0 une surface ajour\u00e9e et \u00e0 des picots en silicone int\u00e9gr\u00e9s, il assure un maintien parfait de la ligne, m\u00eame lors des d\u00e9placements rapides ou des lancers exigeants. Cet accessoire devient vite un alli\u00e9 incontournable pour gagner en distance, en confort et en fluidit\u00e9 d\u2019ex\u00e9cution.<\/p>\n<div class=\"separator transparent center \"><\/div>\n<p data-start=\"4815\" data-end=\"5045\">\u2013 Les\u00a0<strong>picots en silicone<\/strong>\u00a0\u00e9vitent tout bouclage, m\u00eame en vent lat\u00e9ral.<br data-start=\"4884\" data-end=\"4887\" \/>\u2013 La<strong>\u00a0conception ajour\u00e9e<\/strong>\u00a0rend l\u2019ensemble plus l\u00e9ger et permet l\u2019\u00e9vacuation de l\u2019eau.<br data-start=\"4970\" data-end=\"4973\" \/>\u2013 La soie ne touche plus le sol et reste\u00a0<strong>propre<\/strong>, optimisant sa glisse.<\/p>\n<div class=\"separator transparent center \"><\/div>\n<p data-start=\"5047\" data-end=\"5379\">Le\u00a0<strong>Baroude<\/strong>\u00a0se distingue par une ergonomie id\u00e9ale pour les\u00a0<strong>longues sessions de p\u00eache<\/strong>. Son design moderne permet de r\u00e9duire les accrochages et d\u2019offrir une relance imm\u00e9diate de la soie, tr\u00e8s appr\u00e9ci\u00e9e dans les p\u00eaches fines ou rapides. Que ce soit en rivi\u00e8re large, en r\u00e9servoir ou en mer, il garantit une ma\u00eetrise absolue de la ligne.<\/p>\n<div class=\"separator transparent center \"><\/div>\n<p data-start=\"5381\" data-end=\"5725\">Il participe aussi \u00e0 la\u00a0<strong>pr\u00e9servation de la soie<\/strong>, en \u00e9vitant l\u2019abrasion au sol, les salissures et l\u2019usure pr\u00e9matur\u00e9e. Cela am\u00e9liore le comportement de la canne, des anneaux et de la ligne dans son ensemble. Pour les p\u00eacheurs baroudeurs qui aiment se d\u00e9placer, explorer, marcher ou changer de poste souvent, ce panier devient un atout in\u00e9galable.<\/p>\n<div class=\"separator transparent center \"><\/div>\n<p data-start=\"5727\" data-end=\"6042\">Gr\u00e2ce \u00e0 sa\u00a0<strong>robustesse et son confort<\/strong>, le Shooting B<strong>ask Baroude<\/strong>\u00a0est un choix\u00a0<strong>fiable et durable<\/strong>\u00a0pour les p\u00eacheurs qui souhaitent maximiser leur efficacit\u00e9 en action de p\u00eache. Son syst\u00e8me de picots en silicone constitue une r\u00e9elle innovation qui am\u00e9liore le contr\u00f4le de la soie et facilite les lancers longue distance.<\/p>\n","protected":false},"featured_media":5712,"comment_status":"closed","ping_status":"closed","template":"","meta":{"_monsterinsights_skip_tracking":false,"_monsterinsights_sitenote_active":false,"_monsterinsights_sitenote_note":"","_monsterinsights_sitenote_category":0,"site-sidebar-layout":"default","site-content-layout":"content-boxed-container","ast-global-header-display":"","ast-banner-title-visibility":"","ast-main-header-display":"","ast-hfb-above-header-display":"","ast-hfb-below-header-display":"","ast-hfb-mobile-header-display":"","site-post-title":"","ast-breadcrumbs-content":"","ast-featured-img":"","footer-sml-layout":"","theme-transparent-header-meta":"default","adv-header-id-meta":"","stick-header-meta":"","header-above-stick-meta":"","header-main-stick-meta":"","header-below-stick-meta":""},"product_cat":[65],"product_tag":[],"aioseo_notices":[],"_links":{"self":[{"href":"https:\/\/latelier-mouche.fr\/index.php?rest_route=\/wp\/v2\/product\/5711"}],"collection":[{"href":"https:\/\/latelier-mouche.fr\/index.php?rest_route=\/wp\/v2\/product"}],"about":[{"href":"https:\/\/latelier-mouche.fr\/index.php?rest_route=\/wp\/v2\/types\/product"}],"replies":[{"embeddable":true,"href":"https:\/\/latelier-mouche.fr\/index.php?rest_route=%2Fwp%2Fv2%2Fcomments&post=5711"}],"version-history":[{"count":2,"href":"https:\/\/latelier-mouche.fr\/index.php?rest_route=\/wp\/v2\/product\/5711\/revisions"}],"predecessor-version":[{"id":5714,"href":"https:\/\/latelier-mouche.fr\/index.php?rest_route=\/wp\/v2\/product\/5711\/revisions\/5714"}],"wp:featuredmedia":[{"embeddable":true,"href":"https:\/\/latelier-mouche.fr\/index.php?rest_route=\/wp\/v2\/media\/5712"}],"wp:attachment":[{"href":"https:\/\/latelier-mouche.fr\/index.php?rest_route=%2Fwp%2Fv2%2Fmedia&parent=5711"}],"wp:term":[{"taxonomy":"product_cat","embeddable":true,"href":"https:\/\/latelier-mouche.fr\/index.php?rest_route=%2Fwp%2Fv2%2Fproduct_cat&post=5711"},{"taxonomy":"product_tag","embeddable":true,"href":"https:\/\/latelier-mouche.fr\/index.php?rest_route=%2Fwp%2Fv2%2Fproduct_tag&post=5711"}],"curies":[{"name":"wp","href":"https:\/\/api.w.org\/{rel}","templated":true}]}}