{"id":5678,"date":"2026-02-03T17:54:35","date_gmt":"2026-02-03T16:54:35","guid":{"rendered":"https:\/\/latelier-mouche.fr\/?post_type=product&#038;p=5678"},"modified":"2026-02-03T18:02:34","modified_gmt":"2026-02-03T17:02:34","slug":"rodbag-kowa","status":"publish","type":"product","link":"https:\/\/latelier-mouche.fr\/?product=rodbag-kowa","title":{"rendered":"RODBAG KOWA"},"content":{"rendered":"","protected":false},"excerpt":{"rendered":"<h3>Rangement optimal, protection maximale<\/h3>\n<div class=\"separator  transparent center  \"><\/div>\n<p>Le\u00a0<strong data-start=\"356\" data-end=\"371\">RODBAG KOWA<\/strong>\u00a0est con\u00e7u pour offrir une solution de transport et de rangement\u00a0<strong data-start=\"436\" data-end=\"473\">optimis\u00e9e, modulable et s\u00e9curis\u00e9e<\/strong>\u00a0pour vos cannes, moulinets et accessoires.<br data-start=\"516\" data-end=\"519\" \/>Robuste, pratique et enti\u00e8rement am\u00e9nageable, il prot\u00e8ge efficacement votre mat\u00e9riel lors des d\u00e9placements comme lors du stockage.<\/p>\n<div class=\"separator  transparent center  \"><\/div>\n<p>Gr\u00e2ce \u00e0 son\u00a0<strong data-start=\"663\" data-end=\"697\">int\u00e9rieur totalement modulable<\/strong>, vous pouvez organiser vos cannes, moulinets, bo\u00eetes \u00e0 mouches et accessoires selon vos besoins, garantissant un rangement intelligent et parfaitement adapt\u00e9 \u00e0 chaque configuration.<\/p>\n<div class=\"separator  transparent center  \"><\/div>\n<p>Renforc\u00e9 sur l\u2019ensemble de sa structure, le RODBAG KOWA a \u00e9t\u00e9 pens\u00e9 pour offrir une protection sup\u00e9rieure aux \u00e9quipements les plus sensibles, tout en restant l\u00e9ger et simple \u00e0 transporter gr\u00e2ce \u00e0 ses syst\u00e8mes de portage.<\/p>\n<div class=\"separator  transparent center  \"><\/div>\n<h4>Atouts &amp; conception :<\/h4>\n<p data-start=\"543\" data-end=\"574\">\n<div class=\"separator  transparent center  \"><\/div>\n<h4>Int\u00e9rieur totalement modulable<\/h4>\n<div class=\"separator  transparent center  \"><\/div>\n<ul>\n<li data-start=\"543\" data-end=\"574\">Permet de personnaliser l\u2019espace de rangement selon la longueur, le type ou la quantit\u00e9 de mat\u00e9riel.<\/li>\n<\/ul>\n<div class=\"separator  transparent center  \"><\/div>\n<h4>Protection renforc\u00e9e<\/h4>\n<div class=\"separator  transparent center  \"><\/div>\n<ul>\n<li data-start=\"543\" data-end=\"574\">Structure rigide et rembourr\u00e9e pour s\u00e9curiser cannes, moulinets et accessoires fragiles<\/li>\n<\/ul>\n<div class=\"separator  transparent center  \"><\/div>\n<h4>Organisation optimale<\/h4>\n<div class=\"separator  transparent center  \"><\/div>\n<p>Id\u00e9al pour :<\/p>\n<p>&nbsp;<\/p>\n<div class=\"separator  transparent center  \"><\/div>\n<ul>\n<li data-start=\"543\" data-end=\"574\">Cannes en \u00e9tui<\/li>\n<li data-start=\"543\" data-end=\"574\">Moulinets<\/li>\n<li data-start=\"543\" data-end=\"574\">Bo\u00eetes \u00e0 mouches<\/li>\n<li data-start=\"543\" data-end=\"574\">Accessoires divers<\/li>\n<li data-start=\"543\" data-end=\"574\">Outils et petits mat\u00e9riels<\/li>\n<\/ul>\n<div class=\"separator  transparent center  \"><\/div>\n<h4>Transport facilit\u00e9<\/h4>\n<div class=\"separator  transparent center  \"><\/div>\n<ul>\n<li data-start=\"543\" data-end=\"574\">Poign\u00e9e de transport ergonomique<\/li>\n<li data-start=\"543\" data-end=\"574\"><strong data-start=\"1616\" data-end=\"1635\">Sangle amovible<\/strong>\u00a0pour port \u00e0 l\u2019\u00e9paule<\/li>\n<\/ul>\n<div class=\"separator  transparent center  \"><\/div>\n<h4>\u00c9quipements &amp; rangements :<\/h4>\n<div class=\"separator  transparent center  \"><\/div>\n<ul>\n<li data-start=\"1424\" data-end=\"1474\"><strong data-start=\"1700\" data-end=\"1734\">6 poches individuelles zipp\u00e9es<\/strong>\u00a0pour le petit mat\u00e9riel (soies, bas de ligne, outils, patchs, bobines\u2026)<\/li>\n<li data-start=\"1424\" data-end=\"1474\"><strong>Sangle amovible<\/strong><\/li>\n<li data-start=\"1424\" data-end=\"1474\"><strong data-start=\"1834\" data-end=\"1858\">Poign\u00e9e de transport<\/strong>\u00a0robuste<\/li>\n<li data-start=\"1424\" data-end=\"1474\">Int\u00e9rieur modulable par s\u00e9parateurs<\/li>\n<\/ul>\n<div class=\"separator  transparent center  \"><\/div>\n<h4>Dimensions :<\/h4>\n<div class=\"separator  transparent center  \"><\/div>\n<ul>\n<li data-start=\"1568\" data-end=\"1615\"><strong>Longueur : 92 cm<\/strong><\/li>\n<li data-start=\"1568\" data-end=\"1615\"><strong>Largeur : 26 cm<\/strong><\/li>\n<li data-start=\"1568\" data-end=\"1615\"><strong>Hauteur : 14 cm<\/strong><\/li>\n<\/ul>\n","protected":false},"featured_media":5679,"comment_status":"closed","ping_status":"closed","template":"","meta":{"_monsterinsights_skip_tracking":false,"_monsterinsights_sitenote_active":false,"_monsterinsights_sitenote_note":"","_monsterinsights_sitenote_category":0,"site-sidebar-layout":"default","site-content-layout":"content-boxed-container","ast-global-header-display":"","ast-banner-title-visibility":"","ast-main-header-display":"","ast-hfb-above-header-display":"","ast-hfb-below-header-display":"","ast-hfb-mobile-header-display":"","site-post-title":"","ast-breadcrumbs-content":"","ast-featured-img":"","footer-sml-layout":"","theme-transparent-header-meta":"default","adv-header-id-meta":"","stick-header-meta":"","header-above-stick-meta":"","header-main-stick-meta":"","header-below-stick-meta":""},"product_cat":[82],"product_tag":[],"aioseo_notices":[],"_links":{"self":[{"href":"https:\/\/latelier-mouche.fr\/index.php?rest_route=\/wp\/v2\/product\/5678"}],"collection":[{"href":"https:\/\/latelier-mouche.fr\/index.php?rest_route=\/wp\/v2\/product"}],"about":[{"href":"https:\/\/latelier-mouche.fr\/index.php?rest_route=\/wp\/v2\/types\/product"}],"replies":[{"embeddable":true,"href":"https:\/\/latelier-mouche.fr\/index.php?rest_route=%2Fwp%2Fv2%2Fcomments&post=5678"}],"version-history":[{"count":1,"href":"https:\/\/latelier-mouche.fr\/index.php?rest_route=\/wp\/v2\/product\/5678\/revisions"}],"predecessor-version":[{"id":5682,"href":"https:\/\/latelier-mouche.fr\/index.php?rest_route=\/wp\/v2\/product\/5678\/revisions\/5682"}],"wp:featuredmedia":[{"embeddable":true,"href":"https:\/\/latelier-mouche.fr\/index.php?rest_route=\/wp\/v2\/media\/5679"}],"wp:attachment":[{"href":"https:\/\/latelier-mouche.fr\/index.php?rest_route=%2Fwp%2Fv2%2Fmedia&parent=5678"}],"wp:term":[{"taxonomy":"product_cat","embeddable":true,"href":"https:\/\/latelier-mouche.fr\/index.php?rest_route=%2Fwp%2Fv2%2Fproduct_cat&post=5678"},{"taxonomy":"product_tag","embeddable":true,"href":"https:\/\/latelier-mouche.fr\/index.php?rest_route=%2Fwp%2Fv2%2Fproduct_tag&post=5678"}],"curies":[{"name":"wp","href":"https:\/\/api.w.org\/{rel}","templated":true}]}}