{"id":5517,"date":"2025-10-30T21:33:33","date_gmt":"2025-10-30T20:33:33","guid":{"rendered":"https:\/\/latelier-mouche.fr\/?post_type=product&#038;p=5517"},"modified":"2025-10-30T21:36:21","modified_gmt":"2025-10-30T20:36:21","slug":"etau-pro-tyer-master","status":"publish","type":"product","link":"https:\/\/latelier-mouche.fr\/?product=etau-pro-tyer-master","title":{"rendered":"ETAU PRO TYER MASTER"},"content":{"rendered":"<p>&nbsp;<\/p>\n<div class=\"row bg-gris_light mb-5\"><\/div>\n","protected":false},"excerpt":{"rendered":"<div id=\"text_content\" class=\"content my-3\">\n<p>Cet \u00e9tau de fabrication artisanale est usin\u00e9 dans la masse. Parfaitement rotatif, il est d\u2019une pr\u00e9cision microm\u00e9trique afin de garantir un parfait alignement de la hampe de l\u2019hame\u00e7on avec son axe. Il est dot\u00e9 d\u2019un double syst\u00e8me de serrage \/ blocage de l\u2019axe de rotation. La finesse et la duret\u00e9 de ses mors offrent la possibilit\u00e9 aux monteurs passionn\u00e9s de r\u00e9aliser des imitations pr\u00e9cises, pour toutes les tailles d\u2019hame\u00e7ons utilis\u00e9es. Il peut \u00eatre utilis\u00e9 sur son socle ou fix\u00e9 \u00e0 la table de montage.<\/p>\n<\/div>\n<div id=\"text_presentation\" class=\"content my-3\">\n<p>Etau de fabrication artisanale usin\u00e9 dans la masse<br \/>\n\u2022 Rotatif d\u2019une pr\u00e9cision microm\u00e9trique afin de garantir un parfait alignement de la hampe de l\u2019hame\u00e7on avec son axe<br \/>\n\u2022 Double syst\u00e8me de serrage \/ blocage de l\u2019axe de rotation<br \/>\n\u2022 Mors durs et fins adapt\u00e9s \u00e0 toutes tailles d\u2019hame\u00e7ons<br \/>\n\u2022 Peut \u00eatre utilis\u00e9 sur son socle ou fix\u00e9 \u00e0 la table de montage<\/p>\n<\/div>\n","protected":false},"featured_media":5524,"comment_status":"closed","ping_status":"closed","template":"","meta":{"_monsterinsights_skip_tracking":false,"_monsterinsights_sitenote_active":false,"_monsterinsights_sitenote_note":"","_monsterinsights_sitenote_category":0,"site-sidebar-layout":"default","site-content-layout":"content-boxed-container","ast-global-header-display":"","ast-banner-title-visibility":"","ast-main-header-display":"","ast-hfb-above-header-display":"","ast-hfb-below-header-display":"","ast-hfb-mobile-header-display":"","site-post-title":"","ast-breadcrumbs-content":"","ast-featured-img":"","footer-sml-layout":"","theme-transparent-header-meta":"default","adv-header-id-meta":"","stick-header-meta":"","header-above-stick-meta":"","header-main-stick-meta":"","header-below-stick-meta":""},"product_cat":[81],"product_tag":[],"aioseo_notices":[],"_links":{"self":[{"href":"https:\/\/latelier-mouche.fr\/index.php?rest_route=\/wp\/v2\/product\/5517"}],"collection":[{"href":"https:\/\/latelier-mouche.fr\/index.php?rest_route=\/wp\/v2\/product"}],"about":[{"href":"https:\/\/latelier-mouche.fr\/index.php?rest_route=\/wp\/v2\/types\/product"}],"replies":[{"embeddable":true,"href":"https:\/\/latelier-mouche.fr\/index.php?rest_route=%2Fwp%2Fv2%2Fcomments&post=5517"}],"version-history":[{"count":1,"href":"https:\/\/latelier-mouche.fr\/index.php?rest_route=\/wp\/v2\/product\/5517\/revisions"}],"predecessor-version":[{"id":5525,"href":"https:\/\/latelier-mouche.fr\/index.php?rest_route=\/wp\/v2\/product\/5517\/revisions\/5525"}],"wp:featuredmedia":[{"embeddable":true,"href":"https:\/\/latelier-mouche.fr\/index.php?rest_route=\/wp\/v2\/media\/5524"}],"wp:attachment":[{"href":"https:\/\/latelier-mouche.fr\/index.php?rest_route=%2Fwp%2Fv2%2Fmedia&parent=5517"}],"wp:term":[{"taxonomy":"product_cat","embeddable":true,"href":"https:\/\/latelier-mouche.fr\/index.php?rest_route=%2Fwp%2Fv2%2Fproduct_cat&post=5517"},{"taxonomy":"product_tag","embeddable":true,"href":"https:\/\/latelier-mouche.fr\/index.php?rest_route=%2Fwp%2Fv2%2Fproduct_tag&post=5517"}],"curies":[{"name":"wp","href":"https:\/\/api.w.org\/{rel}","templated":true}]}}