{"id":5389,"date":"2025-06-28T18:40:14","date_gmt":"2025-06-28T16:40:14","guid":{"rendered":"https:\/\/latelier-mouche.fr\/?post_type=product&#038;p=5389"},"modified":"2025-06-28T19:01:18","modified_gmt":"2025-06-28T17:01:18","slug":"redington-butter-stick","status":"publish","type":"product","link":"https:\/\/latelier-mouche.fr\/?product=redington-butter-stick","title":{"rendered":"REDINGTON BUTTER STICK"},"content":{"rendered":"<p>Cannes d&rsquo;action douce parabolique<\/p>\n","protected":false},"excerpt":{"rendered":"<p>Canne REDINGTON BUTTER STICK version 2022 en 4 brins. (couleur jaune) Action typique des cannes en fibre de verre, douce et puissante \u00e0 la fois. Cette nouvelle Butter stick est fabriqu\u00e9e \u00e0 partir de la fibre T-Glass propre \u00e0 Redington. La poign\u00e9e e \u00e9t\u00e9 revue et la canne dispose maintenant d&rsquo;une version half wells plus confortable.<\/p>\n<p>Le porte-moulinet \u00e0 vis \u00e0 serrage vers le bas, insert en li\u00e8ge.<\/p>\n<p>De couleur jaune l\u00e9g\u00e8rement translucide, un look vintage tr\u00e8s r\u00e9ussi. Cette canne est faite pour prendre du plaisir au bord de l&rsquo;eau , quelle que soit la taille des poissons.<\/p>\n<p>Elle a aussi un int\u00e9r\u00eat pour les p\u00eaches \u00e0 courtes distances et les petites rivi\u00e8res ,son action permet en effet de p\u00eacher tr\u00e8s court.<\/p>\n<p><strong>\u2022\u00a0<\/strong>Tube de protection cordura<\/p>\n<p><strong>\u2022\u00a0<\/strong>Action parabolique<\/p>\n","protected":false},"featured_media":5404,"comment_status":"closed","ping_status":"closed","template":"","meta":{"_monsterinsights_skip_tracking":false,"_monsterinsights_sitenote_active":false,"_monsterinsights_sitenote_note":"","_monsterinsights_sitenote_category":0,"site-sidebar-layout":"default","site-content-layout":"content-boxed-container","ast-global-header-display":"","ast-banner-title-visibility":"","ast-main-header-display":"","ast-hfb-above-header-display":"","ast-hfb-below-header-display":"","ast-hfb-mobile-header-display":"","site-post-title":"","ast-breadcrumbs-content":"","ast-featured-img":"","footer-sml-layout":"","theme-transparent-header-meta":"default","adv-header-id-meta":"","stick-header-meta":"","header-above-stick-meta":"","header-main-stick-meta":"","header-below-stick-meta":""},"product_cat":[78],"product_tag":[],"aioseo_notices":[],"_links":{"self":[{"href":"https:\/\/latelier-mouche.fr\/index.php?rest_route=\/wp\/v2\/product\/5389"}],"collection":[{"href":"https:\/\/latelier-mouche.fr\/index.php?rest_route=\/wp\/v2\/product"}],"about":[{"href":"https:\/\/latelier-mouche.fr\/index.php?rest_route=\/wp\/v2\/types\/product"}],"replies":[{"embeddable":true,"href":"https:\/\/latelier-mouche.fr\/index.php?rest_route=%2Fwp%2Fv2%2Fcomments&post=5389"}],"version-history":[{"count":1,"href":"https:\/\/latelier-mouche.fr\/index.php?rest_route=\/wp\/v2\/product\/5389\/revisions"}],"predecessor-version":[{"id":5407,"href":"https:\/\/latelier-mouche.fr\/index.php?rest_route=\/wp\/v2\/product\/5389\/revisions\/5407"}],"wp:featuredmedia":[{"embeddable":true,"href":"https:\/\/latelier-mouche.fr\/index.php?rest_route=\/wp\/v2\/media\/5404"}],"wp:attachment":[{"href":"https:\/\/latelier-mouche.fr\/index.php?rest_route=%2Fwp%2Fv2%2Fmedia&parent=5389"}],"wp:term":[{"taxonomy":"product_cat","embeddable":true,"href":"https:\/\/latelier-mouche.fr\/index.php?rest_route=%2Fwp%2Fv2%2Fproduct_cat&post=5389"},{"taxonomy":"product_tag","embeddable":true,"href":"https:\/\/latelier-mouche.fr\/index.php?rest_route=%2Fwp%2Fv2%2Fproduct_tag&post=5389"}],"curies":[{"name":"wp","href":"https:\/\/api.w.org\/{rel}","templated":true}]}}