{"id":5277,"date":"2025-04-27T22:03:09","date_gmt":"2025-04-27T20:03:09","guid":{"rendered":"https:\/\/latelier-mouche.fr\/?post_type=product&#038;p=5277"},"modified":"2025-04-27T22:13:04","modified_gmt":"2025-04-27T20:13:04","slug":"redington-vice","status":"publish","type":"product","link":"https:\/\/latelier-mouche.fr\/?product=redington-vice","title":{"rendered":"REDINGTON VICE"},"content":{"rendered":"","protected":false},"excerpt":{"rendered":"<p>Canne Redington VICE, action rapide, extr\u00eamement \u00abfacile\u00bb, une excellente s\u00e9rie de cannes pour d\u00e9buter ou pour les p\u00eacheurs confirm\u00e9s. Canne l\u00e9g\u00e8re et pr\u00e9cise, elle g\u00e9n\u00e8re une bonne vitesse de ligne, capable de p\u00eacher \u00e0 toutes distances<\/p>\n<p>&#8211; Anneaux serpentiformes noirs anodis\u00e9s<\/p>\n<p>&#8211; Porte moulinet alu noir exclusif<\/p>\n<p>&#8211; Points blancs d&rsquo;alignement des brins<\/p>\n<p>&#8211; Poign\u00e9e li\u00e8ge de premier choix<\/p>\n<p>&#8211; Talon de combat pour les mod\u00e8les \u00e0 partir de la soie n\u00b07 (qui sont tous utilisables en mer)<\/p>\n<p>&#8211; Tube de protection type Cordura<\/p>\n","protected":false},"featured_media":5292,"comment_status":"closed","ping_status":"closed","template":"","meta":{"_monsterinsights_skip_tracking":false,"_monsterinsights_sitenote_active":false,"_monsterinsights_sitenote_note":"","_monsterinsights_sitenote_category":0,"site-sidebar-layout":"default","site-content-layout":"content-boxed-container","ast-global-header-display":"","ast-banner-title-visibility":"","ast-main-header-display":"","ast-hfb-above-header-display":"","ast-hfb-below-header-display":"","ast-hfb-mobile-header-display":"","site-post-title":"","ast-breadcrumbs-content":"","ast-featured-img":"","footer-sml-layout":"","theme-transparent-header-meta":"default","adv-header-id-meta":"","stick-header-meta":"","header-above-stick-meta":"","header-main-stick-meta":"","header-below-stick-meta":""},"product_cat":[78],"product_tag":[],"aioseo_notices":[],"_links":{"self":[{"href":"https:\/\/latelier-mouche.fr\/index.php?rest_route=\/wp\/v2\/product\/5277"}],"collection":[{"href":"https:\/\/latelier-mouche.fr\/index.php?rest_route=\/wp\/v2\/product"}],"about":[{"href":"https:\/\/latelier-mouche.fr\/index.php?rest_route=\/wp\/v2\/types\/product"}],"replies":[{"embeddable":true,"href":"https:\/\/latelier-mouche.fr\/index.php?rest_route=%2Fwp%2Fv2%2Fcomments&post=5277"}],"version-history":[{"count":1,"href":"https:\/\/latelier-mouche.fr\/index.php?rest_route=\/wp\/v2\/product\/5277\/revisions"}],"predecessor-version":[{"id":5295,"href":"https:\/\/latelier-mouche.fr\/index.php?rest_route=\/wp\/v2\/product\/5277\/revisions\/5295"}],"wp:featuredmedia":[{"embeddable":true,"href":"https:\/\/latelier-mouche.fr\/index.php?rest_route=\/wp\/v2\/media\/5292"}],"wp:attachment":[{"href":"https:\/\/latelier-mouche.fr\/index.php?rest_route=%2Fwp%2Fv2%2Fmedia&parent=5277"}],"wp:term":[{"taxonomy":"product_cat","embeddable":true,"href":"https:\/\/latelier-mouche.fr\/index.php?rest_route=%2Fwp%2Fv2%2Fproduct_cat&post=5277"},{"taxonomy":"product_tag","embeddable":true,"href":"https:\/\/latelier-mouche.fr\/index.php?rest_route=%2Fwp%2Fv2%2Fproduct_tag&post=5277"}],"curies":[{"name":"wp","href":"https:\/\/api.w.org\/{rel}","templated":true}]}}