{"id":5237,"date":"2025-04-26T21:29:25","date_gmt":"2025-04-26T19:29:25","guid":{"rendered":"https:\/\/latelier-mouche.fr\/?post_type=product&#038;p=5237"},"modified":"2025-04-26T21:56:32","modified_gmt":"2025-04-26T19:56:32","slug":"sage-click","status":"publish","type":"product","link":"https:\/\/latelier-mouche.fr\/?product=sage-click","title":{"rendered":"SAGE CLICK"},"content":{"rendered":"","protected":false},"excerpt":{"rendered":"<p>Un moulinet Ultra-l\u00e9ger . Le diam\u00e8tre a \u00e9t\u00e9 augment\u00e9, la r\u00e9cup\u00e9ration am\u00e9lior\u00e9e. L\u00e0 capacit\u00e9 en backing est aussi plus importante que sur l&rsquo;ancienne s\u00e9rie. Cette s\u00e9rie esth\u00e9tiquement tr\u00e8s r\u00e9ussie, convient parfaitement aux cannes jusqu&rsquo;\u00e0 10.<\/p>\n<p>&#8211; Usin\u00e9 dans un aluminium 6061-T6 qualit\u00e9 a\u00e9rospatiale.<br \/>\n&#8211; Frein cliquet ajustable pr\u00e9cu pour \u00e9viter le foisonnement de la soie en action de p\u00eache.<br \/>\n&#8211; Anodis\u00e9 pour une plus grande protection contre la corrosion<br \/>\n&#8211; Poign\u00e9e ergonomique<br \/>\n&#8211; Facilement convertible droitier\/gaucher<br \/>\n&#8211; Pochette de protection n\u00e9opr\u00e8ne Sage<\/p>\n","protected":false},"featured_media":5252,"comment_status":"closed","ping_status":"closed","template":"","meta":{"_monsterinsights_skip_tracking":false,"_monsterinsights_sitenote_active":false,"_monsterinsights_sitenote_note":"","_monsterinsights_sitenote_category":0,"site-sidebar-layout":"default","site-content-layout":"content-boxed-container","ast-global-header-display":"","ast-banner-title-visibility":"","ast-main-header-display":"","ast-hfb-above-header-display":"","ast-hfb-below-header-display":"","ast-hfb-mobile-header-display":"","site-post-title":"","ast-breadcrumbs-content":"","ast-featured-img":"","footer-sml-layout":"","theme-transparent-header-meta":"default","adv-header-id-meta":"","stick-header-meta":"","header-above-stick-meta":"","header-main-stick-meta":"","header-below-stick-meta":""},"product_cat":[77],"product_tag":[],"aioseo_notices":[],"_links":{"self":[{"href":"https:\/\/latelier-mouche.fr\/index.php?rest_route=\/wp\/v2\/product\/5237"}],"collection":[{"href":"https:\/\/latelier-mouche.fr\/index.php?rest_route=\/wp\/v2\/product"}],"about":[{"href":"https:\/\/latelier-mouche.fr\/index.php?rest_route=\/wp\/v2\/types\/product"}],"replies":[{"embeddable":true,"href":"https:\/\/latelier-mouche.fr\/index.php?rest_route=%2Fwp%2Fv2%2Fcomments&post=5237"}],"version-history":[{"count":1,"href":"https:\/\/latelier-mouche.fr\/index.php?rest_route=\/wp\/v2\/product\/5237\/revisions"}],"predecessor-version":[{"id":5254,"href":"https:\/\/latelier-mouche.fr\/index.php?rest_route=\/wp\/v2\/product\/5237\/revisions\/5254"}],"wp:featuredmedia":[{"embeddable":true,"href":"https:\/\/latelier-mouche.fr\/index.php?rest_route=\/wp\/v2\/media\/5252"}],"wp:attachment":[{"href":"https:\/\/latelier-mouche.fr\/index.php?rest_route=%2Fwp%2Fv2%2Fmedia&parent=5237"}],"wp:term":[{"taxonomy":"product_cat","embeddable":true,"href":"https:\/\/latelier-mouche.fr\/index.php?rest_route=%2Fwp%2Fv2%2Fproduct_cat&post=5237"},{"taxonomy":"product_tag","embeddable":true,"href":"https:\/\/latelier-mouche.fr\/index.php?rest_route=%2Fwp%2Fv2%2Fproduct_tag&post=5237"}],"curies":[{"name":"wp","href":"https:\/\/api.w.org\/{rel}","templated":true}]}}