{"id":4903,"date":"2025-02-14T11:33:25","date_gmt":"2025-02-14T10:33:25","guid":{"rendered":"https:\/\/latelier-mouche.fr\/?post_type=product&#038;p=4903"},"modified":"2025-02-18T10:08:20","modified_gmt":"2025-02-18T09:08:20","slug":"mini-sling","status":"publish","type":"product","link":"https:\/\/latelier-mouche.fr\/?product=mini-sling","title":{"rendered":"MINI SLING"},"content":{"rendered":"<table>\n<thead>\n<tr>\n<th>Libell\u00e9<\/th>\n<th>R\u00e9f\u00e9rence<\/th>\n<th>Tarif<\/th>\n<th>Coloris<\/th>\n<th>Contenance<\/th>\n<th>Mati\u00e8re<\/th>\n<\/tr>\n<\/thead>\n<tbody>\n<tr>\n<td>Mini Sling Pack &#8211; Fishe Unbound Brown<\/td>\n<td>OR26B22800<\/td>\n<td><\/td>\n<td>003 &#8211; CLEAR GREEN<\/td>\n<td>5<\/td>\n<td>Cordura\u00ae<\/td>\n<\/tr>\n<tr>\n<td>Mini Sling &#8211; 1 Sze All &#8211; Dusty olive<\/td>\n<td>OR26B22100<\/td>\n<td><\/td>\n<td><\/td>\n<td>5<\/td>\n<td>Cordura\u00ae<\/td>\n<\/tr>\n<\/tbody>\n<\/table>\n","protected":false},"excerpt":{"rendered":"<div id=\"text_content\" class=\"content my-3\">\n<p>La version mini du Sling Pack original, parfait pour le p\u00eacheur minimaliste et les courtes parties de p\u00eache \u2013 Ext\u00e9rieur 100% CORDURA\u00ae 610D avec 40%de mat\u00e9riaux recycl\u00e9s \u2013 Doublure nylon 200D 100% recycl\u00e9 \u2013 Contenance 5L<\/p>\n<\/div>\n<div id=\"text_presentation\" class=\"content my-3\">\n<p>La version mini du Sling Pack original est un parfait compromis entre le compact et le fonctionnel. Avec ses 5 litres de capacit\u00e9, il s\u2019adapte parfaitement aux besoins du p\u00eacheur minimaliste ou pour de courtes parties de p\u00eache. Le rev\u00eatement ext\u00e9rieur est en 100% CORDURA\u00ae 610D avec 40%de mat\u00e9riaux recycl\u00e9s.<\/p>\n<\/div>\n","protected":false},"featured_media":4887,"comment_status":"closed","ping_status":"closed","template":"","meta":{"_monsterinsights_skip_tracking":false,"_monsterinsights_sitenote_active":false,"_monsterinsights_sitenote_note":"","_monsterinsights_sitenote_category":0,"site-sidebar-layout":"default","site-content-layout":"content-boxed-container","ast-global-header-display":"","ast-banner-title-visibility":"","ast-main-header-display":"","ast-hfb-above-header-display":"","ast-hfb-below-header-display":"","ast-hfb-mobile-header-display":"","site-post-title":"","ast-breadcrumbs-content":"","ast-featured-img":"","footer-sml-layout":"","theme-transparent-header-meta":"default","adv-header-id-meta":"","stick-header-meta":"","header-above-stick-meta":"","header-main-stick-meta":"","header-below-stick-meta":""},"product_cat":[73],"product_tag":[],"aioseo_notices":[],"_links":{"self":[{"href":"https:\/\/latelier-mouche.fr\/index.php?rest_route=\/wp\/v2\/product\/4903"}],"collection":[{"href":"https:\/\/latelier-mouche.fr\/index.php?rest_route=\/wp\/v2\/product"}],"about":[{"href":"https:\/\/latelier-mouche.fr\/index.php?rest_route=\/wp\/v2\/types\/product"}],"replies":[{"embeddable":true,"href":"https:\/\/latelier-mouche.fr\/index.php?rest_route=%2Fwp%2Fv2%2Fcomments&post=4903"}],"version-history":[{"count":2,"href":"https:\/\/latelier-mouche.fr\/index.php?rest_route=\/wp\/v2\/product\/4903\/revisions"}],"predecessor-version":[{"id":4916,"href":"https:\/\/latelier-mouche.fr\/index.php?rest_route=\/wp\/v2\/product\/4903\/revisions\/4916"}],"wp:featuredmedia":[{"embeddable":true,"href":"https:\/\/latelier-mouche.fr\/index.php?rest_route=\/wp\/v2\/media\/4887"}],"wp:attachment":[{"href":"https:\/\/latelier-mouche.fr\/index.php?rest_route=%2Fwp%2Fv2%2Fmedia&parent=4903"}],"wp:term":[{"taxonomy":"product_cat","embeddable":true,"href":"https:\/\/latelier-mouche.fr\/index.php?rest_route=%2Fwp%2Fv2%2Fproduct_cat&post=4903"},{"taxonomy":"product_tag","embeddable":true,"href":"https:\/\/latelier-mouche.fr\/index.php?rest_route=%2Fwp%2Fv2%2Fproduct_tag&post=4903"}],"curies":[{"name":"wp","href":"https:\/\/api.w.org\/{rel}","templated":true}]}}