{"id":4513,"date":"2025-02-03T16:18:47","date_gmt":"2025-02-03T15:18:47","guid":{"rendered":"https:\/\/latelier-mouche.fr\/?post_type=product&#038;p=4513"},"modified":"2025-02-03T16:25:37","modified_gmt":"2025-02-03T15:25:37","slug":"pro-trout-textured","status":"publish","type":"product","link":"https:\/\/latelier-mouche.fr\/?product=pro-trout-textured","title":{"rendered":"Pro Trout Textured"},"content":{"rendered":"<table>\n<thead>\n<tr>\n<th>Libell\u00e9<\/th>\n<th>R\u00e9f\u00e9rence<\/th>\n<th>Tarif<\/th>\n<th>Coloris<\/th>\n<th>Densit\u00e9<br \/>\n(soies)<\/th>\n<th>Profil<br \/>\n(soies)<\/th>\n<th>N\u00b0 Soie<br \/>\n(AFTMA)<\/th>\n<th>Longueur<br \/>\n(en m)<\/th>\n<th>Mati\u00e8re<\/th>\n<th>Numero de taille<\/th>\n<\/tr>\n<\/thead>\n<tbody>\n<tr>\n<td>Soie ORVIS Pro Trout Textured WF 3<\/td>\n<td>OR2SK22103<\/td>\n<td>169\u00a0\u20ac<\/td>\n<td>P\u00eache\/Olive Clair\/willow<\/td>\n<td>Flottante<\/td>\n<td>WF<\/td>\n<td>#3<\/td>\n<td>27<\/td>\n<td>PVC<\/td>\n<td>3<\/td>\n<\/tr>\n<tr>\n<td>Soie ORVIS Pro Trout Textured WF 4<\/td>\n<td>OR2SK22104<\/td>\n<td>169\u00a0\u20ac<\/td>\n<td>P\u00eache\/Olive Clair\/willow<\/td>\n<td>Flottante<\/td>\n<td>WF<\/td>\n<td>#4<\/td>\n<td>27<\/td>\n<td>PVC<\/td>\n<td>4<\/td>\n<\/tr>\n<tr>\n<td>Soie ORVIS Pro Trout Textured WF 5<\/td>\n<td>OR2SK22105<\/td>\n<td>169\u00a0\u20ac<\/td>\n<td>P\u00eache\/Olive Clair\/willow<\/td>\n<td>Flottante<\/td>\n<td>WF<\/td>\n<td>#5<\/td>\n<td>27<\/td>\n<td>PVC<\/td>\n<td>5<\/td>\n<\/tr>\n<tr>\n<td>Soie ORVIS Pro Trout Textured WF 6<\/td>\n<td>OR2SK22106<\/td>\n<td>169\u00a0\u20ac<\/td>\n<td>P\u00eache\/Olive Clair\/willow<\/td>\n<td>Flottante<\/td>\n<td>WF<\/td>\n<td>#6<\/td>\n<td>27<\/td>\n<td>PVC<\/td>\n<td>6<\/td>\n<\/tr>\n<\/tbody>\n<\/table>\n","protected":false},"excerpt":{"rendered":"<div id=\"text_content\" class=\"content my-3\">\n<p>Les soies PRO repoussent les limites de la performance. Les additifs AST Plus utilis\u00e9s dans la conception de la gamme PRO permettent une auto-lubrification permanente du rev\u00eatement pour une glisse et des performances de durabilit\u00e9 r\u00e9volutionnaires. Le pouvoir de glisse est huit fois plus \u00e9lev\u00e9 que n\u2019importe quel autre rev\u00eatement sur le march\u00e9. Les soies textur\u00e9es ont une surface plus importante et flottent plus haut sur l\u2019eau, limitant le dragage de la mouche ainsi que les \u00e9claboussures lorsque la soie touche l\u2019eau. Les mendings ainsi que les arrachers en sont facilit\u00e9s. La microtexturation am\u00e9liore les lancers et la flottaison, et diminue les frottements dans les anneaux\u2026 La pointe de la technologie made in USA.<\/p>\n<\/div>\n<div id=\"text_presentation\" class=\"content my-3\">\n<p>Rev\u00eatement textur\u00e9 diminuant les frottements, am\u00e9liorant la glisse et la flottabilit\u00e9<br \/>\n\u2022 Technologie HD et additif AST Plus autolubrifiant<br \/>\n\u2022 Triple coloration<br \/>\n\u2022 Sans m\u00e9moire<br \/>\n\u2022 Boucle thermosoud\u00e9e \u00e0 chaque extr\u00e9mit\u00e9<br \/>\n\u2022 Indication du type de soie avec inscription ID sur la pointe<br \/>\n\u2022 Longueur totale : 27 m<br \/>\n\u2022 Fabriqu\u00e9 aux USA.<\/p>\n<\/div>\n","protected":false},"featured_media":4527,"comment_status":"closed","ping_status":"closed","template":"","meta":{"_monsterinsights_skip_tracking":false,"_monsterinsights_sitenote_active":false,"_monsterinsights_sitenote_note":"","_monsterinsights_sitenote_category":0,"site-sidebar-layout":"default","site-content-layout":"content-boxed-container","ast-global-header-display":"","ast-banner-title-visibility":"","ast-main-header-display":"","ast-hfb-above-header-display":"","ast-hfb-below-header-display":"","ast-hfb-mobile-header-display":"","site-post-title":"","ast-breadcrumbs-content":"","ast-featured-img":"","footer-sml-layout":"","theme-transparent-header-meta":"default","adv-header-id-meta":"","stick-header-meta":"","header-above-stick-meta":"","header-main-stick-meta":"","header-below-stick-meta":""},"product_cat":[72],"product_tag":[],"aioseo_notices":[],"_links":{"self":[{"href":"https:\/\/latelier-mouche.fr\/index.php?rest_route=\/wp\/v2\/product\/4513"}],"collection":[{"href":"https:\/\/latelier-mouche.fr\/index.php?rest_route=\/wp\/v2\/product"}],"about":[{"href":"https:\/\/latelier-mouche.fr\/index.php?rest_route=\/wp\/v2\/types\/product"}],"replies":[{"embeddable":true,"href":"https:\/\/latelier-mouche.fr\/index.php?rest_route=%2Fwp%2Fv2%2Fcomments&post=4513"}],"version-history":[{"count":1,"href":"https:\/\/latelier-mouche.fr\/index.php?rest_route=\/wp\/v2\/product\/4513\/revisions"}],"predecessor-version":[{"id":4528,"href":"https:\/\/latelier-mouche.fr\/index.php?rest_route=\/wp\/v2\/product\/4513\/revisions\/4528"}],"wp:featuredmedia":[{"embeddable":true,"href":"https:\/\/latelier-mouche.fr\/index.php?rest_route=\/wp\/v2\/media\/4527"}],"wp:attachment":[{"href":"https:\/\/latelier-mouche.fr\/index.php?rest_route=%2Fwp%2Fv2%2Fmedia&parent=4513"}],"wp:term":[{"taxonomy":"product_cat","embeddable":true,"href":"https:\/\/latelier-mouche.fr\/index.php?rest_route=%2Fwp%2Fv2%2Fproduct_cat&post=4513"},{"taxonomy":"product_tag","embeddable":true,"href":"https:\/\/latelier-mouche.fr\/index.php?rest_route=%2Fwp%2Fv2%2Fproduct_tag&post=4513"}],"curies":[{"name":"wp","href":"https:\/\/api.w.org\/{rel}","templated":true}]}}