{"id":4147,"date":"2024-08-13T21:36:19","date_gmt":"2024-08-13T19:36:19","guid":{"rendered":"https:\/\/latelier-mouche.fr\/?post_type=product&#038;p=4147"},"modified":"2025-10-30T17:31:05","modified_gmt":"2025-10-30T16:31:05","slug":"clearwater-boots-rubber","status":"publish","type":"product","link":"https:\/\/latelier-mouche.fr\/?product=clearwater-boots-rubber","title":{"rendered":"Clearwater Boots Rubber"},"content":{"rendered":"","protected":false},"excerpt":{"rendered":"<p>&nbsp;<\/p>\n<div id=\"text_content\" class=\"content my-3\">\n<div id=\"text_content\" class=\"content my-3\">\n<div id=\"text_content\" class=\"content my-3\">\n<div id=\"text_content\" class=\"content my-3\">\n<div id=\"text_content\" class=\"content my-3\">\n<div id=\"text_content\" class=\"content my-3\"><\/div>\n<div id=\"text_presentation\" class=\"content my-3\">\n<div id=\"text_content\" class=\"content my-3\">\n<p>L\u00e9g\u00e8res, s\u00e9curisantes avec leur position haute, les chaussures Clearwater proposent deux types de semelles (caoutchouc et feutre) qui s\u2019adaptent parfaitement \u00e0 tous les fonds de nos rivi\u00e8res. Le cuir synth\u00e9tique de qualit\u00e9 et la position des coutures favorisent la r\u00e9sistance de ce produit qui a d\u00e9j\u00e0 fait ses preuves.<\/p>\n<\/div>\n<div id=\"text_presentation\" class=\"content my-3\">\n<p>100% cuir synth\u00e9tique sup\u00e9rieur<br \/>\n\u2022 Renfort frontal en caoutchouc<br \/>\n\u2022 Semelle int\u00e9rieure en mousse EVA<br \/>\n\u2022 Semelle interm\u00e9diaire Phylon et plaque ESS pour plus de stabilit\u00e9<br \/>\n\u2022 Semelle rubber \u00e0 crampons multidirectionnels.<\/p>\n<\/div>\n<\/div>\n<\/div>\n<\/div>\n<\/div>\n<\/div>\n<\/div>\n","protected":false},"featured_media":4160,"comment_status":"closed","ping_status":"closed","template":"","meta":{"_monsterinsights_skip_tracking":false,"_monsterinsights_sitenote_active":false,"_monsterinsights_sitenote_note":"","_monsterinsights_sitenote_category":0,"site-sidebar-layout":"default","site-content-layout":"content-boxed-container","ast-global-header-display":"","ast-banner-title-visibility":"","ast-main-header-display":"","ast-hfb-above-header-display":"","ast-hfb-below-header-display":"","ast-hfb-mobile-header-display":"","site-post-title":"","ast-breadcrumbs-content":"","ast-featured-img":"","footer-sml-layout":"","theme-transparent-header-meta":"default","adv-header-id-meta":"","stick-header-meta":"","header-above-stick-meta":"","header-main-stick-meta":"","header-below-stick-meta":""},"product_cat":[71],"product_tag":[],"aioseo_notices":[],"_links":{"self":[{"href":"https:\/\/latelier-mouche.fr\/index.php?rest_route=\/wp\/v2\/product\/4147"}],"collection":[{"href":"https:\/\/latelier-mouche.fr\/index.php?rest_route=\/wp\/v2\/product"}],"about":[{"href":"https:\/\/latelier-mouche.fr\/index.php?rest_route=\/wp\/v2\/types\/product"}],"replies":[{"embeddable":true,"href":"https:\/\/latelier-mouche.fr\/index.php?rest_route=%2Fwp%2Fv2%2Fcomments&post=4147"}],"version-history":[{"count":2,"href":"https:\/\/latelier-mouche.fr\/index.php?rest_route=\/wp\/v2\/product\/4147\/revisions"}],"predecessor-version":[{"id":5468,"href":"https:\/\/latelier-mouche.fr\/index.php?rest_route=\/wp\/v2\/product\/4147\/revisions\/5468"}],"wp:featuredmedia":[{"embeddable":true,"href":"https:\/\/latelier-mouche.fr\/index.php?rest_route=\/wp\/v2\/media\/4160"}],"wp:attachment":[{"href":"https:\/\/latelier-mouche.fr\/index.php?rest_route=%2Fwp%2Fv2%2Fmedia&parent=4147"}],"wp:term":[{"taxonomy":"product_cat","embeddable":true,"href":"https:\/\/latelier-mouche.fr\/index.php?rest_route=%2Fwp%2Fv2%2Fproduct_cat&post=4147"},{"taxonomy":"product_tag","embeddable":true,"href":"https:\/\/latelier-mouche.fr\/index.php?rest_route=%2Fwp%2Fv2%2Fproduct_tag&post=4147"}],"curies":[{"name":"wp","href":"https:\/\/api.w.org\/{rel}","templated":true}]}}