{"id":3765,"date":"2024-08-03T08:30:13","date_gmt":"2024-08-03T06:30:13","guid":{"rendered":"https:\/\/latelier-mouche.fr\/?post_type=product&#038;p=3765"},"modified":"2024-08-06T23:57:43","modified_gmt":"2024-08-06T21:57:43","slug":"raquette-z","status":"publish","type":"product","link":"https:\/\/latelier-mouche.fr\/?product=raquette-z","title":{"rendered":"Raquette Z"},"content":{"rendered":"<table>\n<thead>\n<tr>\n<th>Libell\u00e9<\/th>\n<th>R\u00e9f\u00e9rence<\/th>\n<th>Tarif<\/th>\n<th>Longueur<br \/>\n(en cm)<\/th>\n<th>Largeur<\/th>\n<th>Mati\u00e8re<\/th>\n<\/tr>\n<\/thead>\n<tbody>\n<tr>\n<td>Raquette JMC Z40 &#8211; 30 x 43 x 63cm<\/td>\n<td>AD00620<\/td>\n<td>34.9\u00a0\u20ac<\/td>\n<td>63<\/td>\n<td>30<\/td>\n<td>Aluminium<\/td>\n<\/tr>\n<tr>\n<td>Raquette JMC Z50 &#8211; 35 x 50 x 68cm<\/td>\n<td>AD00621<\/td>\n<td>36.9\u00a0\u20ac<\/td>\n<td>68<\/td>\n<td>30<\/td>\n<td>Aluminium<\/td>\n<\/tr>\n<tr>\n<td>Raquette JMC Z60 &#8211; 45 x 55 x 75cm<\/td>\n<td>AD00622<\/td>\n<td>39.9\u00a0\u20ac<\/td>\n<td>75<\/td>\n<td>45<\/td>\n<td>Aluminium<\/td>\n<\/tr>\n<\/tbody>\n<\/table>\n","protected":false},"excerpt":{"rendered":"<p>&nbsp;<\/p>\n<div id=\"text_content\" class=\"content my-3\"><\/div>\n<div id=\"text_presentation\" class=\"content my-3\">\n<div id=\"text_content\" class=\"content my-3\">\n<p>Cadre alu, filet bicolore robuste enduit, poign\u00e9e mousse avec cordon \u00e9lastique.<\/p>\n<\/div>\n<div id=\"text_presentation\" class=\"content my-3\">\n<p>Cadre alu<br \/>\n\u2022 Filet bicolore robuste enduit<br \/>\n\u2022 Poign\u00e9e plastique ergonomique \u00e9quip\u00e9e d\u2019un cordon \u00e9lastique.<\/p>\n<\/div>\n<\/div>\n","protected":false},"featured_media":3769,"comment_status":"closed","ping_status":"closed","template":"","meta":{"_monsterinsights_skip_tracking":false,"_monsterinsights_sitenote_active":false,"_monsterinsights_sitenote_note":"","_monsterinsights_sitenote_category":0,"site-sidebar-layout":"default","site-content-layout":"content-boxed-container","ast-global-header-display":"","ast-banner-title-visibility":"","ast-main-header-display":"","ast-hfb-above-header-display":"","ast-hfb-below-header-display":"","ast-hfb-mobile-header-display":"","site-post-title":"","ast-breadcrumbs-content":"","ast-featured-img":"","footer-sml-layout":"","theme-transparent-header-meta":"default","adv-header-id-meta":"","stick-header-meta":"","header-above-stick-meta":"","header-main-stick-meta":"","header-below-stick-meta":""},"product_cat":[64],"product_tag":[],"aioseo_notices":[],"_links":{"self":[{"href":"https:\/\/latelier-mouche.fr\/index.php?rest_route=\/wp\/v2\/product\/3765"}],"collection":[{"href":"https:\/\/latelier-mouche.fr\/index.php?rest_route=\/wp\/v2\/product"}],"about":[{"href":"https:\/\/latelier-mouche.fr\/index.php?rest_route=\/wp\/v2\/types\/product"}],"replies":[{"embeddable":true,"href":"https:\/\/latelier-mouche.fr\/index.php?rest_route=%2Fwp%2Fv2%2Fcomments&post=3765"}],"version-history":[{"count":1,"href":"https:\/\/latelier-mouche.fr\/index.php?rest_route=\/wp\/v2\/product\/3765\/revisions"}],"predecessor-version":[{"id":3770,"href":"https:\/\/latelier-mouche.fr\/index.php?rest_route=\/wp\/v2\/product\/3765\/revisions\/3770"}],"wp:featuredmedia":[{"embeddable":true,"href":"https:\/\/latelier-mouche.fr\/index.php?rest_route=\/wp\/v2\/media\/3769"}],"wp:attachment":[{"href":"https:\/\/latelier-mouche.fr\/index.php?rest_route=%2Fwp%2Fv2%2Fmedia&parent=3765"}],"wp:term":[{"taxonomy":"product_cat","embeddable":true,"href":"https:\/\/latelier-mouche.fr\/index.php?rest_route=%2Fwp%2Fv2%2Fproduct_cat&post=3765"},{"taxonomy":"product_tag","embeddable":true,"href":"https:\/\/latelier-mouche.fr\/index.php?rest_route=%2Fwp%2Fv2%2Fproduct_tag&post=3765"}],"curies":[{"name":"wp","href":"https:\/\/api.w.org\/{rel}","templated":true}]}}