{"id":3605,"date":"2024-08-02T17:07:45","date_gmt":"2024-08-02T15:07:45","guid":{"rendered":"https:\/\/latelier-mouche.fr\/?post_type=product&#038;p=3605"},"modified":"2025-10-29T11:33:05","modified_gmt":"2025-10-29T10:33:05","slug":"performer","status":"publish","type":"product","link":"https:\/\/latelier-mouche.fr\/?product=performer","title":{"rendered":"Performer"},"content":{"rendered":"<table>\n<thead>\n<tr>\n<th>Libell\u00e9<\/th>\n<th>R\u00e9f\u00e9rence<\/th>\n<th>Tarif<\/th>\n<th>Action<\/th>\n<th>Encombrement<br \/>\n(en cm)<\/th>\n<th>Longueur<br \/>\n(en cm)<\/th>\n<th>Poign\u00e9e<\/th>\n<th>Nombre d&rsquo;anneaux<\/th>\n<th>Coloris<\/th>\n<th>N\u00b0 Soie<br \/>\n(AFTMA)<\/th>\n<th>Mati\u00e8re<\/th>\n<th>Poids<br \/>\n(en gr)<\/th>\n<\/tr>\n<\/thead>\n<tbody>\n<tr>\n<td>Canne JMC Performer 9&rsquo;4 Soie de 3\/4 &#8211; 4 Brins<\/td>\n<td>CA00087<\/td>\n<td>459\u00a0\u20ac<\/td>\n<td>Medium Fast<\/td>\n<td>75<\/td>\n<td>285<\/td>\n<td>Cigare + talon<\/td>\n<td>12<\/td>\n<td>Brun<\/td>\n<td>#3\/4<\/td>\n<td>Carbone<\/td>\n<td>86<\/td>\n<\/tr>\n<tr>\n<td>Canne JMC Performer 9&rsquo;9 Soie de 3\/4 &#8211; 4 Brins<\/td>\n<td>CA00084<\/td>\n<td>459\u00a0\u20ac<\/td>\n<td>Medium Fast<\/td>\n<td>81<\/td>\n<td>297<\/td>\n<td>Cigare + talon<\/td>\n<td>13<\/td>\n<td>Brun<\/td>\n<td>#3\/4<\/td>\n<td>Carbone<\/td>\n<td>91<\/td>\n<\/tr>\n<tr>\n<td>Canne JMC Performer 10&prime; Soie de 2\/3 &#8211; 4 Brins<\/td>\n<td>CA00086<\/td>\n<td>459\u00a0\u20ac<\/td>\n<td>Medium Fast<\/td>\n<td>73<\/td>\n<td>305<\/td>\n<td>Cigare + talon<\/td>\n<td>13<\/td>\n<td>Brun<\/td>\n<td>#2\/3<\/td>\n<td>Carbone<\/td>\n<td>86<\/td>\n<\/tr>\n<tr>\n<td>Canne JMC Performer 10&rsquo;6 Soie de 2\/3 &#8211; 4 Brins<\/td>\n<td>CA00083<\/td>\n<td>459\u00a0\u20ac<\/td>\n<td>Medium Fast<\/td>\n<td>85<\/td>\n<td>320<\/td>\n<td>Cigare + talon<\/td>\n<td>13<\/td>\n<td>Brun<\/td>\n<td>#2\/3<\/td>\n<td>Carbone<\/td>\n<td>92<\/td>\n<\/tr>\n<tr>\n<td>Canne JMC Performer 10&rsquo;9 Soie de 3\/4 &#8211; 4 Brins<\/td>\n<td>CA00104<\/td>\n<td>459\u00a0\u20ac<\/td>\n<td>Medium Fast<\/td>\n<td>87<\/td>\n<td>328<\/td>\n<td>Cigare + talon<\/td>\n<td>13<\/td>\n<td>Brun<\/td>\n<td>#3\/4<\/td>\n<td>Carbone<\/td>\n<td>94<\/td>\n<\/tr>\n<tr>\n<td>Canne JMC Performer 11&prime; Soie de 2\/3 &#8211; 4 Brins<\/td>\n<td>CA00085<\/td>\n<td>459\u00a0\u20ac<\/td>\n<td>Medium Fast<\/td>\n<td>88<\/td>\n<td>335<\/td>\n<td>Cigare + talon<\/td>\n<td>13<\/td>\n<td>Brun<\/td>\n<td>#2\/3<\/td>\n<td>Carbone<\/td>\n<td>93<\/td>\n<\/tr>\n<\/tbody>\n<\/table>\n","protected":false},"excerpt":{"rendered":"<p>&nbsp;<\/p>\n<div id=\"text_content\" class=\"content my-3\">\n<div id=\"text_content\" class=\"content my-3\">\n<p>Cette gamme a tout pour sublimer la pratique de la p\u00eache en nymphe ! La performer n\u2019a qu\u2019un an d\u2019anciennet\u00e9 mais elle est d\u00e9j\u00e0 en phase de devenir un \u00ab best-seller \u00bb de la gamme JMC. Ce n\u2019est pas le fruit du hasard, puisque cette s\u00e9rie dot\u00e9e d\u2019une grande qualit\u00e9 de conception est en parfaite ad\u00e9quation avec des tendances tr\u00e8s actuelles, notamment avec l\u2019av\u00e8nement de la p\u00eache en nymphe au fil et toutes les approches qui en d\u00e9coulent. A l\u2019image de la poign\u00e9e fine sp\u00e9cialement \u00e9tudi\u00e9e ou d\u2019un syst\u00e8me d\u2019\u00e9quilibrage amovible pr\u00e9cis, tout a \u00e9t\u00e9 d\u00e9velopp\u00e9 dans l\u2019objectif de sp\u00e9cialiser aux maximum les cannes performers.<br \/>\nPerformer 9\u20194#3\/4 : Les amoureux de p\u00eaches fines en s\u00e8che appr\u00e9cieront tr\u00e8s certainement la douceur des pos\u00e9s de cette canne \u00e0 l\u2019action semi rapide.<\/p>\n<\/div>\n<div id=\"text_presentation\" class=\"content my-3\">\n<p>Action semi-rapide<br \/>\n\u2022 Quatre brins<br \/>\n\u2022 Poign\u00e9e li\u00e8ge pleine fleur 4A + bords rubber\/ cork<br \/>\n\u2022 Nano r\u00e9sine<br \/>\n\u2022 Carbone 46ton multidirectionnel<br \/>\n\u2022 Blank carbone brun mat<br \/>\n\u2022 Porte-moulinet alu usin\u00e9 carbone tress\u00e9<br \/>\n\u2022 Masselottes d\u2019\u00e9quilibrage amovibles<br \/>\n\u2022 Anneau de d\u00e9part micro fuji puis monopattes ionis\u00e9s chrome<br \/>\n\u2022 Etui cordura orange compartiment\u00e9<\/p>\n<\/div>\n<\/div>\n","protected":false},"featured_media":3617,"comment_status":"closed","ping_status":"closed","template":"","meta":{"_monsterinsights_skip_tracking":false,"_monsterinsights_sitenote_active":false,"_monsterinsights_sitenote_note":"","_monsterinsights_sitenote_category":0,"site-sidebar-layout":"default","site-content-layout":"content-boxed-container","ast-global-header-display":"","ast-banner-title-visibility":"","ast-main-header-display":"","ast-hfb-above-header-display":"","ast-hfb-below-header-display":"","ast-hfb-mobile-header-display":"","site-post-title":"","ast-breadcrumbs-content":"","ast-featured-img":"","footer-sml-layout":"","theme-transparent-header-meta":"default","adv-header-id-meta":"","stick-header-meta":"","header-above-stick-meta":"","header-main-stick-meta":"","header-below-stick-meta":""},"product_cat":[60],"product_tag":[],"aioseo_notices":[],"_links":{"self":[{"href":"https:\/\/latelier-mouche.fr\/index.php?rest_route=\/wp\/v2\/product\/3605"}],"collection":[{"href":"https:\/\/latelier-mouche.fr\/index.php?rest_route=\/wp\/v2\/product"}],"about":[{"href":"https:\/\/latelier-mouche.fr\/index.php?rest_route=\/wp\/v2\/types\/product"}],"replies":[{"embeddable":true,"href":"https:\/\/latelier-mouche.fr\/index.php?rest_route=%2Fwp%2Fv2%2Fcomments&post=3605"}],"version-history":[{"count":1,"href":"https:\/\/latelier-mouche.fr\/index.php?rest_route=\/wp\/v2\/product\/3605\/revisions"}],"predecessor-version":[{"id":3620,"href":"https:\/\/latelier-mouche.fr\/index.php?rest_route=\/wp\/v2\/product\/3605\/revisions\/3620"}],"wp:featuredmedia":[{"embeddable":true,"href":"https:\/\/latelier-mouche.fr\/index.php?rest_route=\/wp\/v2\/media\/3617"}],"wp:attachment":[{"href":"https:\/\/latelier-mouche.fr\/index.php?rest_route=%2Fwp%2Fv2%2Fmedia&parent=3605"}],"wp:term":[{"taxonomy":"product_cat","embeddable":true,"href":"https:\/\/latelier-mouche.fr\/index.php?rest_route=%2Fwp%2Fv2%2Fproduct_cat&post=3605"},{"taxonomy":"product_tag","embeddable":true,"href":"https:\/\/latelier-mouche.fr\/index.php?rest_route=%2Fwp%2Fv2%2Fproduct_tag&post=3605"}],"curies":[{"name":"wp","href":"https:\/\/api.w.org\/{rel}","templated":true}]}}