{"id":2873,"date":"2024-07-26T07:26:58","date_gmt":"2024-07-26T05:26:58","guid":{"rendered":"https:\/\/latelier-mouche.fr\/?post_type=product&#038;p=2873"},"modified":"2024-07-26T16:33:23","modified_gmt":"2024-07-26T14:33:23","slug":"moulinets-orok","status":"publish","type":"product","link":"https:\/\/latelier-mouche.fr\/?product=moulinets-orok","title":{"rendered":"Moulinets Orok"},"content":{"rendered":"","protected":false},"excerpt":{"rendered":"<p>&nbsp;<\/p>\n<p class=\"p1\"><b><i>La passion et l\u2019amiti\u00e9 entre 2 p\u00eacheurs<span class=\"Apple-converted-space\">.\u00a0<\/span><\/i><\/b><b>Le moulinet OROK est con\u00e7u et fabriqu\u00e9 100% en France.<\/b><\/p>\n<p class=\"p1\">Il est issu d\u2019une combinaison d\u2019exp\u00e9riences incroyable, entre des p\u00eacheurs, un ing\u00e9nieur et le\u00a0<b>lyc\u00e9e BELIN de VESOUL<\/b>. Ce projet a fait travailler aussi plus d\u2019une dizaine de sous-traitants Fran\u00e7ais.<br \/>\n<b>L\u2019innovation c\u2019est d\u2019avoir cr\u00e9\u00e9 un moulinet d\u00e9multipli\u00e9 anti reverse de haute technicit\u00e9 avec une cage ferm\u00e9e et enveloppante<\/b>.<br \/>\nId\u00e9al pour les passionn\u00e9s de technologie et d\u2019efficacit\u00e9. Il est rapide avec un frein tr\u00e8s progressif et puissant. L\u2019axe pour la sortie de la soie a \u00e9t\u00e9 d\u00e9cal\u00e9 afin d\u2019\u00e9viter au maximum les frictions et d\u2019augmenter la v\u00e9locit\u00e9. Les dimensions de la bobine ont \u00e9t\u00e9 \u00e9tudi\u00e9es pour avoir des enroulements parfaits de la soie, afin d\u2019\u00e9viter les perruques.<\/p>\n<p><b>Deux fines gorges ont \u00e9t\u00e9 r\u00e9alis\u00e9es de chaque c\u00f4t\u00e9 du b\u00e2ti pour positionner le bas de ligne.<br \/>\nCe syst\u00e8me permet de sortir la soie beaucoup plus rapidement.<span class=\"Apple-converted-space\">\u00a0<\/span><\/b><\/p>\n<p>&nbsp;<\/p>\n","protected":false},"featured_media":2892,"comment_status":"closed","ping_status":"closed","template":"","meta":{"_monsterinsights_skip_tracking":false,"_monsterinsights_sitenote_active":false,"_monsterinsights_sitenote_note":"","_monsterinsights_sitenote_category":0,"site-sidebar-layout":"default","site-content-layout":"content-boxed-container","ast-global-header-display":"","ast-banner-title-visibility":"","ast-main-header-display":"","ast-hfb-above-header-display":"","ast-hfb-below-header-display":"","ast-hfb-mobile-header-display":"","site-post-title":"","ast-breadcrumbs-content":"","ast-featured-img":"","footer-sml-layout":"","theme-transparent-header-meta":"default","adv-header-id-meta":"","stick-header-meta":"","header-above-stick-meta":"","header-main-stick-meta":"","header-below-stick-meta":""},"product_cat":[53],"product_tag":[],"aioseo_notices":[],"_links":{"self":[{"href":"https:\/\/latelier-mouche.fr\/index.php?rest_route=\/wp\/v2\/product\/2873"}],"collection":[{"href":"https:\/\/latelier-mouche.fr\/index.php?rest_route=\/wp\/v2\/product"}],"about":[{"href":"https:\/\/latelier-mouche.fr\/index.php?rest_route=\/wp\/v2\/types\/product"}],"replies":[{"embeddable":true,"href":"https:\/\/latelier-mouche.fr\/index.php?rest_route=%2Fwp%2Fv2%2Fcomments&post=2873"}],"version-history":[{"count":2,"href":"https:\/\/latelier-mouche.fr\/index.php?rest_route=\/wp\/v2\/product\/2873\/revisions"}],"predecessor-version":[{"id":2896,"href":"https:\/\/latelier-mouche.fr\/index.php?rest_route=\/wp\/v2\/product\/2873\/revisions\/2896"}],"wp:featuredmedia":[{"embeddable":true,"href":"https:\/\/latelier-mouche.fr\/index.php?rest_route=\/wp\/v2\/media\/2892"}],"wp:attachment":[{"href":"https:\/\/latelier-mouche.fr\/index.php?rest_route=%2Fwp%2Fv2%2Fmedia&parent=2873"}],"wp:term":[{"taxonomy":"product_cat","embeddable":true,"href":"https:\/\/latelier-mouche.fr\/index.php?rest_route=%2Fwp%2Fv2%2Fproduct_cat&post=2873"},{"taxonomy":"product_tag","embeddable":true,"href":"https:\/\/latelier-mouche.fr\/index.php?rest_route=%2Fwp%2Fv2%2Fproduct_tag&post=2873"}],"curies":[{"name":"wp","href":"https:\/\/api.w.org\/{rel}","templated":true}]}}