{"id":1841,"date":"2023-09-28T09:52:30","date_gmt":"2023-09-28T07:52:30","guid":{"rendered":"https:\/\/latelier-mouche.fr\/?post_type=product&#038;p=1841"},"modified":"2024-05-24T00:36:10","modified_gmt":"2024-05-23T22:36:10","slug":"pheasant-tail-tete-or","status":"publish","type":"product","link":"https:\/\/latelier-mouche.fr\/?product=pheasant-tail-tete-or","title":{"rendered":"Pheasant tail dor\u00e9e"},"content":{"rendered":"","protected":false},"excerpt":{"rendered":"<p>une nymphe incontournable pour ma part. Je p\u00eache en s\u00e8che toute l&rsquo;ann\u00e9e, je mets qu&rsquo;ne seule nymphe c&rsquo;est celle-ci sa r\u00e9putation n&rsquo;est plus \u00e0 faire elle m&rsquo;a sauv\u00e9 du capot plus d&rsquo;une fois et qui m\u2019a permis de prendre de tr\u00e8s beau poisson, difficile .C&rsquo;est une imitation de larve d&rsquo;\u00e9ph\u00e9m\u00e8res , \u00e0 avoir absolument dans votre bo\u00eete<\/p>\n","protected":false},"featured_media":1315,"comment_status":"closed","ping_status":"closed","template":"","meta":{"_monsterinsights_skip_tracking":false,"_monsterinsights_sitenote_active":false,"_monsterinsights_sitenote_note":"","_monsterinsights_sitenote_category":0,"site-sidebar-layout":"default","site-content-layout":"content-boxed-container","ast-global-header-display":"","ast-banner-title-visibility":"","ast-main-header-display":"","ast-hfb-above-header-display":"","ast-hfb-below-header-display":"","ast-hfb-mobile-header-display":"","site-post-title":"","ast-breadcrumbs-content":"","ast-featured-img":"","footer-sml-layout":"","theme-transparent-header-meta":"default","adv-header-id-meta":"","stick-header-meta":"","header-above-stick-meta":"","header-main-stick-meta":"","header-below-stick-meta":""},"product_cat":[44],"product_tag":[],"aioseo_notices":[],"_links":{"self":[{"href":"https:\/\/latelier-mouche.fr\/index.php?rest_route=\/wp\/v2\/product\/1841"}],"collection":[{"href":"https:\/\/latelier-mouche.fr\/index.php?rest_route=\/wp\/v2\/product"}],"about":[{"href":"https:\/\/latelier-mouche.fr\/index.php?rest_route=\/wp\/v2\/types\/product"}],"replies":[{"embeddable":true,"href":"https:\/\/latelier-mouche.fr\/index.php?rest_route=%2Fwp%2Fv2%2Fcomments&post=1841"}],"version-history":[{"count":7,"href":"https:\/\/latelier-mouche.fr\/index.php?rest_route=\/wp\/v2\/product\/1841\/revisions"}],"predecessor-version":[{"id":2307,"href":"https:\/\/latelier-mouche.fr\/index.php?rest_route=\/wp\/v2\/product\/1841\/revisions\/2307"}],"wp:featuredmedia":[{"embeddable":true,"href":"https:\/\/latelier-mouche.fr\/index.php?rest_route=\/wp\/v2\/media\/1315"}],"wp:attachment":[{"href":"https:\/\/latelier-mouche.fr\/index.php?rest_route=%2Fwp%2Fv2%2Fmedia&parent=1841"}],"wp:term":[{"taxonomy":"product_cat","embeddable":true,"href":"https:\/\/latelier-mouche.fr\/index.php?rest_route=%2Fwp%2Fv2%2Fproduct_cat&post=1841"},{"taxonomy":"product_tag","embeddable":true,"href":"https:\/\/latelier-mouche.fr\/index.php?rest_route=%2Fwp%2Fv2%2Fproduct_tag&post=1841"}],"curies":[{"name":"wp","href":"https:\/\/api.w.org\/{rel}","templated":true}]}}