{"id":1759,"date":"2023-09-27T23:35:29","date_gmt":"2023-09-27T21:35:29","guid":{"rendered":"https:\/\/latelier-mouche.fr\/?post_type=product&#038;p=1759"},"modified":"2024-05-24T10:09:09","modified_gmt":"2024-05-24T08:09:09","slug":"quill-cdc","status":"publish","type":"product","link":"https:\/\/latelier-mouche.fr\/?product=quill-cdc","title":{"rendered":"Quill &#038; CDC"},"content":{"rendered":"","protected":false},"excerpt":{"rendered":"<p>cette mouche et l&rsquo;id\u00e9al pour la p\u00e8che de la truite, mouche moderne \u00e0 flottaison basse, corps imitatif sous la surface. Elle imite \u00e0 merveille le stade de l&rsquo;\u00e9mergence de nombreux \u00e9ph\u00e9m\u00e8res cet une \u00e9mergente qui est destin\u00e9e est rest\u00e9e dans la pellicule de l&rsquo;eau l&rsquo;efficacit\u00e9 est redoutable<\/p>\n","protected":false},"featured_media":1310,"comment_status":"closed","ping_status":"closed","template":"","meta":{"_monsterinsights_skip_tracking":false,"_monsterinsights_sitenote_active":false,"_monsterinsights_sitenote_note":"","_monsterinsights_sitenote_category":0,"site-sidebar-layout":"default","site-content-layout":"content-boxed-container","ast-global-header-display":"","ast-banner-title-visibility":"","ast-main-header-display":"","ast-hfb-above-header-display":"","ast-hfb-below-header-display":"","ast-hfb-mobile-header-display":"","site-post-title":"","ast-breadcrumbs-content":"","ast-featured-img":"","footer-sml-layout":"","theme-transparent-header-meta":"default","adv-header-id-meta":"","stick-header-meta":"","header-above-stick-meta":"","header-main-stick-meta":"","header-below-stick-meta":""},"product_cat":[39],"product_tag":[],"aioseo_notices":[],"_links":{"self":[{"href":"https:\/\/latelier-mouche.fr\/index.php?rest_route=\/wp\/v2\/product\/1759"}],"collection":[{"href":"https:\/\/latelier-mouche.fr\/index.php?rest_route=\/wp\/v2\/product"}],"about":[{"href":"https:\/\/latelier-mouche.fr\/index.php?rest_route=\/wp\/v2\/types\/product"}],"replies":[{"embeddable":true,"href":"https:\/\/latelier-mouche.fr\/index.php?rest_route=%2Fwp%2Fv2%2Fcomments&post=1759"}],"version-history":[{"count":1,"href":"https:\/\/latelier-mouche.fr\/index.php?rest_route=\/wp\/v2\/product\/1759\/revisions"}],"predecessor-version":[{"id":1765,"href":"https:\/\/latelier-mouche.fr\/index.php?rest_route=\/wp\/v2\/product\/1759\/revisions\/1765"}],"wp:featuredmedia":[{"embeddable":true,"href":"https:\/\/latelier-mouche.fr\/index.php?rest_route=\/wp\/v2\/media\/1310"}],"wp:attachment":[{"href":"https:\/\/latelier-mouche.fr\/index.php?rest_route=%2Fwp%2Fv2%2Fmedia&parent=1759"}],"wp:term":[{"taxonomy":"product_cat","embeddable":true,"href":"https:\/\/latelier-mouche.fr\/index.php?rest_route=%2Fwp%2Fv2%2Fproduct_cat&post=1759"},{"taxonomy":"product_tag","embeddable":true,"href":"https:\/\/latelier-mouche.fr\/index.php?rest_route=%2Fwp%2Fv2%2Fproduct_tag&post=1759"}],"curies":[{"name":"wp","href":"https:\/\/api.w.org\/{rel}","templated":true}]}}